What is the highest common divisor of 1134 and 1802076?
6
Calculate the greatest common divisor of 14635846 and 101126.
1714
Calculate the highest common divisor of 4296680 and 4890.
1630
Calculate the greatest common divisor of 50163 and 339.
3
Calculate the highest common factor of 2362308 and 312.
156
What is the highest common divisor of 177 and 43281633?
177
What is the highest common divisor of 10035696 and 16?
16
What is the highest common divisor of 2124 and 324028?
236
What is the greatest common factor of 9580 and 54934115?
2395
Calculate the highest common divisor of 10443 and 4050999.
177
What is the highest common divisor of 280028566 and 278?
278
Calculate the greatest common factor of 117899993 and 29.
29
What is the greatest common factor of 552 and 6466584?
24
Calculate the highest common factor of 158126605 and 425.
85
What is the greatest common factor of 2738592 and 333?
333
What is the greatest common divisor of 2650861 and 8303?
19
Calculate the highest common factor of 3136415 and 5695.
85
What is the greatest common divisor of 41612244 and 552?
276
Calculate the highest common factor of 189319743 and 684.
171
What is the greatest common divisor of 5446 and 569371131?
2723
Calculate the highest common divisor of 91393267 and 3437.
3437
Calculate the highest common divisor of 313276 and 778312.
1084
Calculate the greatest common factor of 53420 and 94420.
20
What is the greatest common divisor of 1570520 and 1065?
355
Calculate the highest common divisor of 8 and 37542248.
8
Calculate the greatest common factor of 27 and 12079467.
9
What is the highest common factor of 45797098 and 3?
1
What is the greatest common factor of 19665009 and 12168?
1521
Calculate the highest common factor of 9229 and 608124.
11
What is the greatest common divisor of 1520852800 and 449?
449
What is the highest common factor of 49905 and 28665?
45
Calculate the highest common divisor of 496766 and 6258.
298
Calculate the highest common factor of 7359398 and 22.
2
What is the greatest common factor of 154 and 87306450?
154
What is the greatest common factor of 137644 and 42068?
52
What is the highest common divisor of 61 and 268166858?
61
Calculate the greatest common divisor of 4965 and 277197605.
1655
What is the greatest common factor of 5263104 and 220?
44
What is the highest common divisor of 23762 and 5232?
218
Calculate the greatest common factor of 459 and 1955493.
153
What is the highest common divisor of 10384 and 6793732?
2596
Calculate the highest common factor of 4382774 and 11.
11
What is the highest common factor of 45493 and 592088?
679
What is the highest common factor of 18336960 and 960?
960
What is the greatest common divisor of 1925 and 1603855?
55
What is the greatest common factor of 5349 and 2019?
3
What is the greatest common divisor of 15264 and 2493279?
477
What is the greatest common factor of 2236 and 5016466?
1118
Calculate the highest common divisor of 3204 and 4061304.
36
Calculate the highest common factor of 8338 and 1137950.
22
What is the greatest common divisor of 64640 and 478740?
2020
Calculate the highest common divisor of 11 and 52157633.
11
What is the greatest common divisor of 31627162 and 828?
46
Calculate the greatest common factor of 4400914 and 182.
14
Calculate the highest common factor of 183889 and 1073.
29
Calculate the greatest common divisor of 48465 and 30375.
135
Calculate the greatest common factor of 11172 and 22632512.
196
What is the highest common divisor of 29690226 and 9?
9
Calculate the highest common factor of 5368 and 958648.
8
What is the greatest common factor of 208425 and 142100?
175
What is the highest common factor of 40 and 4730650?
10
Calculate the highest common factor of 66582336 and 3264.
3264
Calculate the highest common factor of 342 and 293882.
2
What is the highest common divisor of 3519 and 522537?
69
Calculate the highest common divisor of 14238 and 144405.
9
What is the greatest common factor of 610 and 443546250?
610
Calculate the highest common factor of 3550272 and 67199.
451
What is the highest common divisor of 80 and 33199280?
80
What is the highest common divisor of 152736 and 2666?
86
What is the highest common divisor of 446496883 and 3171?
1057
What is the highest common divisor of 13109216 and 84560?
2416
Calculate the highest common divisor of 654444 and 67536.
252
What is the highest common factor of 37059108 and 1524?
1524
What is the highest common factor of 5605 and 547402?
59
What is the highest common factor of 7 and 451196?
1
Calculate the greatest common factor of 120 and 79704.
24
What is the greatest common divisor of 5576518 and 587921?
5821
What is the highest common factor of 13147446 and 582686?
1898
Calculate the highest common factor of 322 and 38612791.
161
What is the greatest common factor of 1050 and 26278?
14
What is the greatest common divisor of 138 and 3375434?
46
Calculate the greatest common divisor of 252271 and 6119.
29
What is the greatest common divisor of 2553 and 21338529?
111
Calculate the highest common factor of 5629 and 31945441.
433
What is the greatest common factor of 56 and 262968?
8
Calculate the greatest common divisor of 7536113 and 5083.
13
What is the highest common divisor of 266 and 24808?
14
Calculate the highest common factor of 3172 and 12645971.
793
Calculate the highest common factor of 18925488 and 81.
81
Calculate the highest common divisor of 7655396 and 24038.
1414
Calculate the greatest common divisor of 562 and 436112.
562
What is the highest common factor of 477869670 and 90?
90
What is the highest common factor of 117547 and 4776422?
2867
Calculate the greatest common divisor of 1651895 and 203.
7
Calculate the highest common factor of 163684 and 1829792.
1084
What is the greatest common factor of 6310470 and 104880?
570
Calculate the greatest common factor of 1168256376 and 12656.
6328
What is the greatest common divisor of 3068 and 44133947?
767
What is the greatest common factor of 2110999 and 3311?
473
Calculate the greatest common factor of 404382 and 98736.
726
Calculate the highest common factor of 53696 and 83648.
64
Calculate the highest common factor of 3384 and 31530984.
1128
Calculate the greatest common factor of 19633337 and 379.
379
What is the greatest common divisor of 438 and 1135494852?
438
Calculate the highest common factor of 46494 and 14449428.
1134
Calculate the greatest common factor of 179299 and 87397.
901
Calculate the greatest common divisor of 5009004 and 630.
126
Calculate the greatest common factor of 1884662 and 2712294.
4498
What is the highest common factor of 154860791 and 2425?
97
What is the highest common divisor of 271618596 and 96?
12
What is the greatest common divisor of 16 and 188742256?
16
What is the greatest common divisor of 63572850 and 50?
50
Calculate the greatest common factor of 3905039 and 51088.
3193
Calculate the greatest common divisor of 12474 and 44838360.
1134
Calculate the greatest common factor of 408600036 and 67977.
9711
Calculate the greatest common factor of 6 and 3083784.
6
What is the highest common factor of 1952 and 20917266?
122
Calculate the greatest common factor of 3027924 and 305724.
4188
Calculate the greatest common factor of 24544553 and 44.
11
What is the highest common divisor of 1640 and 805160?
40
What is the highest common factor of 7769157 and 3201?
33
What is the highest common divisor of 174087 and 6760799?
841
What is the highest common divisor of 289868 and 108?
4
What is the highest common factor of 93280 and 3088840?
2120
Calculate the highest common divisor of 1106948 and 129611.
3503
Calculate the greatest common divisor of 23 and 4276685021.
23
Calculate the greatest common divisor of 65230294 and 90690.
6046
What is the greatest common divisor of 10070327 and 74?
37
Calculate the highest common divisor of 31595 and 383590.
445
What is the highest common divisor of 34575092 and 1572?
524
What is the highest common factor of 270 and 1018395?
45
Calculate the highest common divisor of 17670 and 14818930.
310
What is the greatest common divisor of 278862 and 1002?
6
What is the greatest common factor of 279 and 705661587?
279
Calculate the greatest common factor of 410492 and 12956.
164
What is the g